 greatest common factor of y and u.
15
Suppose -3*q + 39 = 5*z, 2*q - 19 = 2*z - 3*z. Let a(d) = -d**2 + 9*d + 2. Let t = -14 - -21. Let p be a(t). What is the highest common factor of p and q?
8
Suppose 4*u - 2 = 3*u. Let z be 3/(-6) - u/(-4). Suppose -3*y + z*y + 42 = 0. What is the highest common divisor of 14 and y?
14
Suppose -5*v + 2*u = -2*u - 1870, -3*v - u = -1139. Suppose -5*d = d - v. What is the highest common divisor of 7 and d?
7
Suppose -3*w = -3 - 3. Let j be 34/(w + 0/3). Suppose -q = -2*q + j. What is the highest common factor of 153 and q?
17
Suppose 3*t - 3 - 9 = -s, -s + 5 = -4*t. What is the highest common factor of s and 3?
3
Let g be ((-6)/(-4))/(2/20). What is the greatest common divisor of 15 and g?
15
Suppose -u - 39 = -d + 31, 73 = d - 4*u. What is the greatest common factor of d and 23?
23
Suppose 0 = -5*j + 21 + 259. Calculate the highest common divisor of j and 8.
8
Let k = 15 + 21. Suppose -4*g + 17 = 1. Suppose g*r = j - r - 14, r + 10 = 2*j. Calculate the greatest common factor of k and j.
4
Let w(o) = -o**3 + 4*o - 1. Let n be w(3). Let t(m) = -m. Let u be t(6). Let h = u - n. What is the highest common factor of 80 and h?
10
Suppose -j + 24 = 3*x - x, 16 = 4*x. Calculate the highest common divisor of j and 24.
8
Suppose -3*c - 2*c - 5*y = -100, -y = 2*c - 42. What is the greatest common factor of c and 22?
22
Suppose -o + 2*o + 9 = 0. Let g be -3*(-6)/o + 10. What is the highest common factor of g and 2?
2
Suppose u = -5*o - 0*u + 282, -4*o + 2*u + 220 = 0. Let k be ((-2)/(-6))/((-1)/3). Let a be k/((-3)/27) - 2. Calculate the highest common factor of o and a.
7
Suppose 0 = 2*b - 8, 2*p + 2*b = -p + 56. Calculate the greatest common factor of 64 and p.
16
Let p = 117 - 102. Suppose -u = 2*u + 5*m - 385, -5*u + 615 = 3*m. Calculate the greatest common factor of p and u.
15
Let c be ((-10)/2)/((-14)/378). What is the highest common divisor of 15 and c?
15
Let b(w) = w**2 + 4*w + 8. Let d be b(-6). Let p(n) = n**2 - 3*n - 3. Let x be p(-3). Let v be (-1 - 9/x)*-25. Calculate the highest common divisor of d and v.
20
Let i(q) = 2*q**2 + 14*q + 52. Let r be i(-10). What is the greatest common divisor of 28 and r?
28
Suppose 0*b - 2*b = 0. Let s(y) be the second derivative of y**3/6 + 3*y**2 - 3*y. Let l be s(b). Calculate the greatest common factor of 9 and l.
3
Suppose 4*i + 3*a - 69 = 0, -72 = -4*i - a - 9. Suppose -5*m + i = -2*m. What is the highest common divisor of 5 and m?
5
Let c be 6/36 + 269/6. What is the highest common divisor of 18 and c?
9
Let t be 5*(-1)/2*2. Let d = -2 - t. Suppose j + 2*a = d*a + 25, a = 0. What is the highest common divisor of j and 75?
25
Suppose 5*k + 65 = 10*k. Calculate the highest common divisor of 52 and k.
13
Suppose 0*k - 4*j = 5*k - 44, k = 2*j + 6. What is the greatest common factor of k and 1?
1
Let d(q) = 9*q + 9. Let u be d(4). Suppose -2*v = -2 - 8. What is the highest common factor of v and u?
5
Suppose -23 - 25 = -2*f. Suppose 3*s - 3*l - f = 0, 5*s + l - 36 = 4*l. What is the greatest common divisor of 42 and s?
6
Let p be (0/(-1*4))/(-2). Suppose 4*w - 10 - 22 = p. Calculate the greatest common factor of w and 12.
4
Suppose y = 3*y - 10. Let s = 56 - 16. What is the highest common divisor of y and s?
5
Suppose -8 = -2*m - 2*v, 0 = m + 3*m - 3*v - 2. Suppose m*f - 229 = -0*f - 5*h, -5*h + 117 = f. Calculate the highest common divisor of 14 and f.
14
Let c be (-6)/18*18/(-2). Suppose 3*g + i - 66 = 0, -4*g + i + i = -78. Let b = g - 15. Calculate the highest common divisor of b and c.
3
Let n = 167 + -119. Let b = 84 - n. Calculate the highest common factor of b and 24.
12
Suppose -j - 18 = -4*j. What is the highest common divisor of j and 48?
6
Let y = -11 + 16. Suppose -152 = -2*r + l, -y*r + l - 6*l + 365 = 0. Suppose 0*x + x - r = 0. Calculate the highest common factor of x and 15.
15
Let r(o) = -5*o - 13. Let x be r(-9). What is the greatest common factor of x and 4?
4
Suppose 40 = 3*u - 8. What is the greatest common factor of 20 and u?
4
Let w be (0 - -1)*(-4)/(-2). Suppose 5 - 1 = -w*b. Let q be 9*b*(-19)/6. Calculate the greatest common divisor of q and 38.
19
Suppose 26 = 2*d + 2*k, 13 = 2*d - d - 4*k. Let p = d - 9. Calculate the greatest common divisor of 24 and p.
4
Suppose -5*l - 10 = 0, 1 = -4*i - l + 479. Calculate the highest common divisor of i and 20.
20
Let j(u) = u + 7. Let n be j(-4). Calculate the greatest common factor of 9 and n.
3
Let l be ((-4)/(-6))/((-10)/15). Let w = l - -4. Calculate the greatest common factor of w and 33.
3
Let l(p) = -13*p**3 + 3*p**2 - p - 4. Let g(t) = t**3 + t**2 - t - 1. Let f(c) = 3*g(c) - l(c). Let u be f(1). What is the greatest common factor of 105 and u?
15
Suppose -272 = 6*t - 11*t - 2*j, 0 = 4*j + 16. What is the highest common divisor of t and 14?
14
Let l be ((-8)/3)/(2/(-6)). Let o(y) = -y + 110. Let k be o(22). What is the greatest common divisor of l and k?
8
Let x be -1 - 32/10*300/(-24). Calculate the highest common factor of x and 26.
13
Suppose 4*h + 4*z - 12 = 0, -h + 4*z + 32 - 4 = 0. Let q = -5 - -13. Calculate the greatest common divisor of h and q.
8
Suppose 0 = -2*k - k + 297. Let c = 20 + -22. Let d be (11 - 1) + 2/c. Calculate the highest common divisor of d and k.
9
Let v be (4 + -1)*(-30)/(-18). Let q be 123/v - 10/(-25). Calculate the greatest common divisor of q and 5.
5
Let v be 1*(0/3)/1. Suppose v = -y + 29 + 11. What is the highest common factor of 8 and y?
8
Let n = 56 - 25. Let h = -16 + n. Calculate the highest common factor of 3 and h.
3
Suppose -4*m = -p - 4, 2*m - 4*p - 3 = -1. Let u be 92*m - 4/2. Suppose -u = -5*c + 30. What is the highest common factor of 3 and c?
3
Let f = -76 - -112. Calculate the highest common divisor of f and 54.
18
Suppose -2*g - 4*c + 18 = -0*g, -54 = -2*g + 5*c. Let f be (3 - 0)*(-272)/(-6). Suppose 3*d - 7*d = -f. What is the greatest common factor of d and g?
17
Suppose -39 = -4*f + 13. Let g = f + 10. Calculate the greatest common divisor of 92 and g.
23
Suppose 0 = 3*d - t - 4*t - 28, -5*d - 4*t = -22. What is the greatest common divisor of d and 24?
6
Let q be (9/6)/((-7)/(-196)). What is the highest common divisor of 63 and q?
21
Suppose 0 = 3*r - 3*y, r + 3*y + 20 = 8*y. Calculate the highest common divisor of r and 5.
5
Suppose -3*x - 16 + 55 = 0. Calculate the highest common divisor of 26 and x.
13
Suppose 72 = -16*d + 18*d. Calculate the greatest common factor of 9 and d.
9
Let i = 56 - -16. Calculate the greatest common factor of i and 8.
8
Suppose -4*z + 4*v - v = 28, 4*v - 36 = 5*z. Let x be (1 - (-14)/(-1)) + -1. Let c be -2 - z - x - 1. Calculate the greatest common factor of c and 30.
15
Let i(q) = -73*q + 1. Let p be i(-2). What is the highest common factor of p and 21?
21
Let m = -55 + 77. Calculate the highest common factor of 176 and m.
22
Suppose 2024 = 40*n - 32*n. What is the greatest common divisor of n and 11?
11
Let i = 21 + -15. Suppose -3*y = r - 597, -978 = -5*y - 2*r + i*r. What is the highest common factor of y and 22?
22
Let d be (1*2)/(2 + -1). Suppose -6*k + d*k + 160 = 0. Let b = 252 + -152. Calculate the greatest common divisor of k and b.
20
Suppose -3*z + 3*k - 63 = -6*z, -4*z - 3*k = -79. What is the highest common divisor of 56 and z?
8
Let w be (68/10)/((-4)/(-20)). Let n = 22 - w. Let k be (8/n)/((-4)/102). What is the highest common factor of 51 and k?
17
Let h be (3 - 2)*28/1. Calculate the greatest common factor of h and 7.
7
Suppose -3*b - 5 = -23. Let o(v) = v**3 - 6*v**2 + v - 4. Let f be o(b). What is the highest common divisor of f and 2?
2
Suppose -3*s + 3*m = -7*s - 157, 2*s = 2*m - 96. Let f be s/(-2) + (-3)/6. What is the greatest common divisor of f and 7?
7
Suppose -4*l = -914 - 354. Let c = l + -221. Calculate the highest common divisor of c and 24.
24
Let d(h) = -h**2 - 17*h - 13. Let w be d(-16). Suppose -l = -5*l + 16. Let u be l*(-4)/w*-12. Calculate the highest common divisor of u and 8.
8
Let p = -9 - 22. Let m be (-1 - 44) + -1 + -1. Let l = p - m. Calculate the greatest common factor of 16 and l.
16
Let a(v) = -v**2 - 18*v + 17. Let p be a(-19). Suppose 0 = z - 2*z + 22. Let o = p + z. What is the greatest common divisor of 4 and o?
4
Suppose -5*s + 80 + 70 = 0. What is the hi